divisor of 497 and 189073?
71
What is the highest common divisor of 105248 and 33?
11
Calculate the highest common divisor of 290207 and 1462.
731
Calculate the greatest common factor of 221 and 268073.
221
What is the highest common factor of 33169 and 1353?
41
What is the highest common divisor of 710 and 44162?
142
Calculate the highest common factor of 1144 and 494936.
104
Calculate the highest common divisor of 7844 and 55544.
212
Calculate the highest common divisor of 12 and 8511.
3
What is the highest common divisor of 231 and 20053?
11
Calculate the highest common factor of 243 and 599103.
27
What is the greatest common divisor of 230427 and 36?
9
Calculate the greatest common divisor of 220342 and 786.
262
Calculate the highest common factor of 290 and 42862.
58
Calculate the greatest common factor of 5390 and 2205.
245
Calculate the greatest common divisor of 1240834 and 6066.
674
What is the highest common factor of 6555 and 1410?
15
Calculate the highest common factor of 3904 and 269010.
122
What is the greatest common factor of 635 and 24511?
127
What is the greatest common divisor of 1701394 and 815?
163
Calculate the highest common divisor of 35 and 25445.
35
What is the greatest common divisor of 2899 and 221439?
223
What is the greatest common divisor of 68588 and 1352?
52
Calculate the greatest common divisor of 130864 and 1136.
16
What is the greatest common divisor of 37 and 3031669?
37
Calculate the highest common divisor of 180 and 177534.
18
Calculate the greatest common factor of 5217663 and 1419.
1419
What is the highest common factor of 15431 and 13?
13
What is the greatest common factor of 37 and 1303140?
37
What is the greatest common divisor of 22722 and 462?
42
Calculate the highest common factor of 51765 and 1365.
105
What is the greatest common divisor of 2835 and 46340?
35
Calculate the highest common divisor of 23690 and 14729.
103
Calculate the greatest common factor of 131920 and 1160.
40
What is the greatest common divisor of 990 and 253209?
33
Calculate the highest common divisor of 232311 and 1266.
633
Calculate the highest common factor of 9451 and 130.
13
What is the highest common factor of 314 and 852510?
314
Calculate the greatest common divisor of 7 and 839594.
7
Calculate the highest common factor of 2939893 and 737.
737
Calculate the highest common divisor of 326 and 115078.
326
What is the highest common divisor of 2314 and 1183?
13
Calculate the greatest common factor of 8275 and 125.
25
What is the highest common factor of 2064233 and 2372?
593
What is the greatest common divisor of 2475 and 133925?
275
What is the greatest common divisor of 255436 and 171?
19
Calculate the greatest common factor of 2464 and 1771.
77
Calculate the highest common factor of 28 and 19467.
7
Calculate the greatest common divisor of 115876 and 1180.
236
What is the greatest common divisor of 298683 and 42?
21
What is the greatest common divisor of 357591 and 91?
13
Calculate the highest common factor of 232614 and 54.
18
What is the highest common factor of 23 and 125051?
23
What is the greatest common factor of 59960 and 1920?
40
Calculate the greatest common factor of 27991 and 207.
23
What is the greatest common factor of 728 and 280?
56
Calculate the greatest common factor of 33365 and 10.
5
What is the highest common factor of 13 and 115037?
13
What is the highest common factor of 12969 and 3144?
393
Calculate the greatest common divisor of 96 and 54680.
8
Calculate the greatest common factor of 16 and 465616.
16
Calculate the highest common divisor of 5893 and 5041.
71
What is the greatest common divisor of 2275460 and 440?
220
What is the greatest common factor of 571 and 13597794?
571
Calculate the greatest common factor of 8 and 9264.
8
What is the greatest common factor of 370777 and 7326?
407
What is the highest common factor of 10 and 500235?
5
What is the greatest common divisor of 1044 and 5868?
36
What is the highest common factor of 10483 and 55?
11
What is the greatest common divisor of 30 and 1840890?
30
What is the highest common divisor of 194857 and 507?
169
Calculate the greatest common divisor of 437 and 5427540.
437
What is the greatest common factor of 9599186 and 94?
94
Calculate the greatest common factor of 2619 and 124686.
27
What is the greatest common factor of 28270 and 3410?
110
Calculate the greatest common factor of 292 and 227833.
73
Calculate the highest common divisor of 92372 and 56.
28
Calculate the greatest common divisor of 540 and 18015.
15
What is the highest common divisor of 722880 and 210?
30
Calculate the greatest common divisor of 102 and 3200046.
102
What is the highest common factor of 214 and 27499?
107
Calculate the highest common divisor of 267 and 1807412.
89
Calculate the highest common divisor of 122 and 11182.
2
What is the highest common divisor of 370 and 46120?
10
What is the highest common factor of 725 and 30595?
145
Calculate the highest common divisor of 10 and 3235640.
10
Calculate the highest common divisor of 25 and 21315.
5
Calculate the highest common divisor of 227536 and 8.
8
What is the highest common factor of 372174 and 198?
66
Calculate the highest common divisor of 2832150 and 6.
6
What is the highest common factor of 22764 and 168?
84
Calculate the highest common divisor of 168 and 25998.
42
What is the greatest common factor of 165671 and 11?
11
Calculate the greatest common factor of 16236 and 110331.
369
What is the highest common divisor of 137070 and 75?
15
Calculate the highest common factor of 16415 and 17353.
469
What is the highest common factor of 6288 and 2400?
48
What is the highest common factor of 5362 and 126?
14
What is the highest common divisor of 18486 and 936?
234
Calculate the highest common divisor of 119647 and 298.
149
What is the greatest common factor of 4298 and 392?
14
What is the highest common factor of 3392 and 43884?
212
Calculate the highest common factor of 20 and 614690.
10
Calculate the highest common divisor of 18 and 134688.
6
Calculate the greatest common factor of 8491 and 213488.
1213
Calculate the greatest common factor of 7515 and 157147.
167
What is the highest common divisor of 1958 and 39226?
22
Calculate the highest common factor of 536 and 130516.
268
Calculate the greatest common divisor of 370 and 141870.
10
What is the greatest common divisor of 738432 and 36?
36
What is the highest common factor of 5967 and 136?
17
What is the greatest common factor of 12 and 37644?
12
What is the greatest common divisor of 438083 and 19?
19
What is the highest common divisor of 2328 and 18915?
291
What is the greatest common divisor of 302088 and 4605?
921
Calculate the highest common factor of 24 and 249468.
12
Calculate the greatest common divisor of 1573 and 50479.
143
What is the greatest common divisor of 1200 and 364320?
240
What is the greatest common factor of 1131 and 457707?
87
What is the greatest common divisor of 39 and 12701?
13
Calculate the highest common factor of 228 and 18240.
228
Calculate the greatest common divisor of 32733 and 288.
9
What is the highest common factor of 2460093 and 25158?
1797
What is the highest common divisor of 84384 and 384?
96
What is the greatest common divisor of 73556 and 83993?
497
What is the greatest common divisor of 428588 and 872?
436
Calculate the highest common factor of 639990 and 260.
130
Calculate the highest common divisor of 232 and 6931.
29
What is the greatest common factor of 33 and 5718768?
33
Calculate the highest common divisor of 24 and 140128.
8
What is the highest common factor of 8040 and 168?
24
Calculate the highest common divisor of 614484 and 468.
468
What is the greatest common factor of 384 and 10896?
48
What is the highest common divisor of 213194 and 268?
134
What is the highest common divisor of 4528678 and 539?
539
What is the greatest common factor of 81875 and 300?
25
Calculate the greatest common factor of 60297 and 2985.
597
What is the greatest common divisor of 33770 and 550?
110
What is the greatest common factor of 629160 and 140?
140
Calculate the highest common factor of 60204 and 16.
4
What is the highest common divisor of 748 and 917?
1
What is the highest common divisor of 31 and 1012057?
31
Calculate the 